{"id":215,"date":"2024-09-17T01:09:25","date_gmt":"2024-09-17T05:09:25","guid":{"rendered":"https:\/\/staging.mxnumerique.ca\/?page_id=215"},"modified":"2026-02-07T23:33:18","modified_gmt":"2026-02-08T04:33:18","slug":"location-dequipements","status":"publish","type":"page","link":"https:\/\/petitchamonix.com\/2026\/location-dequipements\/","title":{"rendered":"Location d&rsquo;\u00e9quipements"},"content":{"rendered":"<p>[et_pb_section fb_built=\u00a0\u00bb1&Prime; admin_label=\u00a0\u00bbHeader\u00a0\u00bb _builder_version=\u00a0\u00bb4.27.2&Prime; _module_preset=\u00a0\u00bbdefault\u00a0\u00bb background_image=\u00a0\u00bbhttps:\/\/petitchamonix.com\/2026\/wp-content\/uploads\/2024\/11\/IMG_9199-Modifier-copie-sans-logo-scaled-1.jpg\u00a0\u00bb custom_padding=\u00a0\u00bb8vw||0px||false|false\u00a0\u00bb collapsed=\u00a0\u00bbon\u00a0\u00bb global_colors_info=\u00a0\u00bb{}\u00a0\u00bb][et_pb_row custom_padding_last_edited=\u00a0\u00bbon|desktop\u00a0\u00bb _builder_version=\u00a0\u00bb4.27.2&Prime; _module_preset=\u00a0\u00bbdefault\u00a0\u00bb background_color=\u00a0\u00bbgcid-a9d8e14e-2f78-408a-a83c-506939196b52&Prime; background_image=\u00a0\u00bbhttps:\/\/petitchamonix.com\/2026\/wp-content\/uploads\/2025\/12\/header-2-6-scaled.png\u00a0\u00bb background_position=\u00a0\u00bbbottom_center\u00a0\u00bb custom_padding=\u00a0\u00bb33px|60px|33px|120px|true|false\u00a0\u00bb custom_padding_tablet=\u00a0\u00bb30px|30px|30px|60px|true|false\u00a0\u00bb custom_padding_phone=\u00a0\u00bb20px|20px|20px|40px|true|false\u00a0\u00bb border_radii=\u00a0\u00bboff|30px|30px||\u00a0\u00bb global_colors_info=\u00a0\u00bb{%22gcid-a9d8e14e-2f78-408a-a83c-506939196b52%22:%91%22background_color%22%93}\u00a0\u00bb][et_pb_column type=\u00a0\u00bb4_4&Prime; _builder_version=\u00a0\u00bb4.22.1&Prime; _module_preset=\u00a0\u00bbdefault\u00a0\u00bb global_colors_info=\u00a0\u00bb{}\u00a0\u00bb][et_pb_text _builder_version=\u00a0\u00bb4.27.2&Prime; _module_preset=\u00a0\u00bb3a8a85e8-0350-4865-93dc-5c53dc32b436&Prime; text_font=\u00a0\u00bb|||||on|||\u00a0\u00bb header_text_color=\u00a0\u00bb#FFFFFF\u00a0\u00bb global_colors_info=\u00a0\u00bb{}\u00a0\u00bb]<\/p>\n<h1 style=\"text-align: center;\">Location d&rsquo;\u00e9quipement<\/h1>\n<p>[\/et_pb_text][\/et_pb_column][\/et_pb_row][\/et_pb_section][et_pb_section fb_built=\u00a0\u00bb1&Prime; admin_label=\u00a0\u00bbFeatures\u00a0\u00bb _builder_version=\u00a0\u00bb4.27.2&Prime; _module_preset=\u00a0\u00bbdefault\u00a0\u00bb use_background_color_gradient=\u00a0\u00bbon\u00a0\u00bb background_color_gradient_direction=\u00a0\u00bb90deg\u00a0\u00bb background_color_gradient_stops=\u00a0\u00bbgcid-a9d8e14e-2f78-408a-a83c-506939196b52 50%|#000000 50%\u00a0\u00bb custom_padding=\u00a0\u00bb0px||0px||true|false\u00a0\u00bb border_width_all=\u00a0\u00bb4px\u00a0\u00bb border_color_all=\u00a0\u00bb#FFFFFF\u00a0\u00bb collapsed=\u00a0\u00bbon\u00a0\u00bb global_colors_info=\u00a0\u00bb{}\u00a0\u00bb][et_pb_row column_structure=\u00a0\u00bb1_3,1_3,1_3&Prime; use_custom_gutter=\u00a0\u00bbon\u00a0\u00bb gutter_width=\u00a0\u00bb1&Prime; make_equal=\u00a0\u00bbon\u00a0\u00bb _builder_version=\u00a0\u00bb4.27.5&Prime; _module_preset=\u00a0\u00bbdefault\u00a0\u00bb background_color=\u00a0\u00bb#96B438&Prime; width=\u00a0\u00bb91%\u00a0\u00bb custom_padding=\u00a0\u00bb0px||0px||true|false\u00a0\u00bb global_colors_info=\u00a0\u00bb{}\u00a0\u00bb][et_pb_column type=\u00a0\u00bb1_3&Prime; _builder_version=\u00a0\u00bb4.19.1&Prime; _module_preset=\u00a0\u00bbdefault\u00a0\u00bb background_color=\u00a0\u00bbgcid-a9d8e14e-2f78-408a-a83c-506939196b52&Prime; custom_padding=\u00a0\u00bb50px|50px|50px||true|false\u00a0\u00bb custom_padding_tablet=\u00a0\u00bb30px|30px|30px|30px|true|true\u00a0\u00bb custom_padding_phone=\u00a0\u00bb20px|20px|20px|20px|true|true\u00a0\u00bb custom_padding_last_edited=\u00a0\u00bbon|tablet\u00a0\u00bb global_colors_info=\u00a0\u00bb{%22gcid-a9d8e14e-2f78-408a-a83c-506939196b52%22:%91%22background_color%22%93}\u00a0\u00bb][et_pb_blurb title=\u00a0\u00bbBoutique de location\u00a0\u00bb url=\u00a0\u00bb#prixlocation\u00a0\u00bb url_new_window=\u00a0\u00bbon\u00a0\u00bb use_icon=\u00a0\u00bbon\u00a0\u00bb font_icon=\u00a0\u00bb&#x52;||divi||400&Prime; _builder_version=\u00a0\u00bb4.27.2&Prime; _module_preset=\u00a0\u00bb1fc1f08d-5de5-4d22-9f7a-acea7e1a6d2c\u00a0\u00bb header_font=\u00a0\u00bbSource Sans Pro|600||||on|||\u00a0\u00bb header_font_size=\u00a0\u00bb30px\u00a0\u00bb text_orientation=\u00a0\u00bbcenter\u00a0\u00bb link_option_url_new_window=\u00a0\u00bbon\u00a0\u00bb locked=\u00a0\u00bboff\u00a0\u00bb global_colors_info=\u00a0\u00bb{}\u00a0\u00bb][\/et_pb_blurb][\/et_pb_column][et_pb_column type=\u00a0\u00bb1_3&Prime; _builder_version=\u00a0\u00bb4.27.5&Prime; _module_preset=\u00a0\u00bbdefault\u00a0\u00bb background_color=\u00a0\u00bb#96B438&Prime; custom_padding=\u00a0\u00bb50px|50px|50px|50px|true|true\u00a0\u00bb custom_padding_tablet=\u00a0\u00bb30px|30px|30px|30px|true|true\u00a0\u00bb custom_padding_phone=\u00a0\u00bb20px|20px|20px|20px|true|true\u00a0\u00bb custom_padding_last_edited=\u00a0\u00bbon|tablet\u00a0\u00bb link_option_url_new_window=\u00a0\u00bbon\u00a0\u00bb global_colors_info=\u00a0\u00bb{}\u00a0\u00bb][et_pb_blurb title=\u00a0\u00bbEntretien d&rsquo;\u00e9quipement\u00a0\u00bb url=\u00a0\u00bb#tarifentretien\u00a0\u00bb url_new_window=\u00a0\u00bbon\u00a0\u00bb use_icon=\u00a0\u00bbon\u00a0\u00bb font_icon=\u00a0\u00bb&#xe035;||divi||400&Prime; _builder_version=\u00a0\u00bb4.27.2&Prime; _module_preset=\u00a0\u00bb1fc1f08d-5de5-4d22-9f7a-acea7e1a6d2c\u00a0\u00bb header_font=\u00a0\u00bbSource Sans Pro|600||||on|||\u00a0\u00bb header_font_size=\u00a0\u00bb30px\u00a0\u00bb text_orientation=\u00a0\u00bbcenter\u00a0\u00bb link_option_url_new_window=\u00a0\u00bbon\u00a0\u00bb locked=\u00a0\u00bboff\u00a0\u00bb global_colors_info=\u00a0\u00bb{}\u00a0\u00bb][\/et_pb_blurb][\/et_pb_column][et_pb_column type=\u00a0\u00bb1_3&Prime; _builder_version=\u00a0\u00bb4.27.0&Prime; _module_preset=\u00a0\u00bbdefault\u00a0\u00bb background_color=\u00a0\u00bb#000000&Prime; custom_padding=\u00a0\u00bb50px||50px|50px|true|false\u00a0\u00bb custom_padding_tablet=\u00a0\u00bb30px|30px|30px|30px|true|true\u00a0\u00bb custom_padding_phone=\u00a0\u00bb20px|20px|20px|20px|true|true\u00a0\u00bb custom_padding_last_edited=\u00a0\u00bbon|tablet\u00a0\u00bb link_option_url=\u00a0\u00bbmailto:info@petitchamonix.com\u00a0\u00bb link_option_url_new_window=\u00a0\u00bbon\u00a0\u00bb global_colors_info=\u00a0\u00bb{}\u00a0\u00bb][et_pb_blurb title=\u00a0\u00bbLocation saisonni\u00e8re\u00a0\u00bb url=\u00a0\u00bb#locationsaison\u00a0\u00bb url_new_window=\u00a0\u00bbon\u00a0\u00bb use_icon=\u00a0\u00bbon\u00a0\u00bb font_icon=\u00a0\u00bb&#xf7ca;||fa||900&Prime; _builder_version=\u00a0\u00bb4.27.2&Prime; _module_preset=\u00a0\u00bb1fc1f08d-5de5-4d22-9f7a-acea7e1a6d2c\u00a0\u00bb header_font=\u00a0\u00bbSource Sans Pro|600||||on|||\u00a0\u00bb header_font_size=\u00a0\u00bb30px\u00a0\u00bb text_orientation=\u00a0\u00bbcenter\u00a0\u00bb link_option_url_new_window=\u00a0\u00bbon\u00a0\u00bb locked=\u00a0\u00bboff\u00a0\u00bb global_colors_info=\u00a0\u00bb{}\u00a0\u00bb][\/et_pb_blurb][\/et_pb_column][\/et_pb_row][\/et_pb_section][et_pb_section fb_built=\u00a0\u00bb1&Prime; admin_label=\u00a0\u00bbCourses\u00a0\u00bb _builder_version=\u00a0\u00bb4.19.1&Prime; _module_preset=\u00a0\u00bbdefault\u00a0\u00bb custom_margin=\u00a0\u00bb-4px|||||\u00a0\u00bb saved_tabs=\u00a0\u00bball\u00a0\u00bb collapsed=\u00a0\u00bbon\u00a0\u00bb global_colors_info=\u00a0\u00bb{}\u00a0\u00bb][et_pb_row _builder_version=\u00a0\u00bb4.27.0&Prime; _module_preset=\u00a0\u00bbdefault\u00a0\u00bb max_width=\u00a0\u00bb1001px\u00a0\u00bb global_colors_info=\u00a0\u00bb{}\u00a0\u00bb][et_pb_column type=\u00a0\u00bb4_4&Prime; _builder_version=\u00a0\u00bb4.19.1&Prime; _module_preset=\u00a0\u00bbdefault\u00a0\u00bb global_colors_info=\u00a0\u00bb{}\u00a0\u00bb][et_pb_text _builder_version=\u00a0\u00bb4.27.2&Prime; _module_preset=\u00a0\u00bbbe5233af-0802-4f2d-88ef-f91c446310e6&Prime; text_font=\u00a0\u00bb|||||on|||\u00a0\u00bb header_font=\u00a0\u00bb|||||on|||\u00a0\u00bb header_text_align=\u00a0\u00bbcenter\u00a0\u00bb text_orientation=\u00a0\u00bbcenter\u00a0\u00bb global_colors_info=\u00a0\u00bb{}\u00a0\u00bb]<\/p>\n<h2 style=\"text-align: left;\">Tarification de la boutique de location<\/h2>\n<p>[\/et_pb_text][et_pb_text _builder_version=\u00a0\u00bb4.27.2&Prime; _module_preset=\u00a0\u00bb44cf4015-2070-49c8-9fa2-97a3384250c0&Prime; text_font_size=\u00a0\u00bb18px\u00a0\u00bb text_orientation=\u00a0\u00bbcenter\u00a0\u00bb global_colors_info=\u00a0\u00bb{}\u00a0\u00bb]<\/p>\n<p style=\"text-align: left;\">Les prix ci-dessous ne comprennent pas les taxes ni les frais de services de notre billeterie en ligne.<\/p>\n<p>[\/et_pb_text][et_pb_text module_id=\u00a0\u00bbprixlocation\u00a0\u00bb module_class=\u00a0\u00bbprixlocation\u00a0\u00bb _builder_version=\u00a0\u00bb4.27.2&Prime; _module_preset=\u00a0\u00bbdefault\u00a0\u00bb text_font_size=\u00a0\u00bb20px\u00a0\u00bb global_colors_info=\u00a0\u00bb{}\u00a0\u00bb]<\/p>\n<figure class=\"wp-block-table is-style-regular\">\n<div class=\"table-responsive\">\n<table>\n<thead>\n<tr>\n<td><strong>SKI OU PLANCHE<\/strong><\/td>\n<td class=\"has-text-align-center\" data-align=\"center\" style=\"text-align: center;\"><strong>1 JOURN\u00c9E<\/strong><\/td>\n<td class=\"has-text-align-center\" data-align=\"center\" style=\"text-align: center;\"><strong>DEMI-JOURN\u00c9E<\/strong><\/td>\n<\/tr>\n<\/thead>\n<tbody>\n<tr>\n<td>KIT COMPLET<\/td>\n<td class=\"has-text-align-center\" data-align=\"center\" style=\"text-align: center;\">29,06 $<\/td>\n<td class=\"has-text-align-center\" data-align=\"center\" style=\"text-align: center;\">19,37 $<\/td>\n<\/tr>\n<tr>\n<td>PLANCHE ou SKI SEULEMENT<\/td>\n<td class=\"has-text-align-center\" data-align=\"center\" style=\"text-align: center;\">22,25 $<\/td>\n<td class=\"has-text-align-center\" data-align=\"center\" style=\"text-align: center;\">17,46$<\/td>\n<\/tr>\n<tr>\n<td>BOTTES SEULEMENT<\/td>\n<td class=\"has-text-align-center\" data-align=\"center\" style=\"text-align: center;\">14,51 $<\/td>\n<td class=\"has-text-align-center\" data-align=\"center\" style=\"text-align: center;\">10,16 $<\/td>\n<\/tr>\n<tr>\n<td>B\u00c2TONS SEULEMENT<\/td>\n<td class=\"has-text-align-center\" data-align=\"center\" style=\"text-align: center;\">6,80 $<\/td>\n<td class=\"has-text-align-center\" data-align=\"center\" style=\"text-align: center;\">5,32 $<\/td>\n<\/tr>\n<tr>\n<td>CASQUES<\/td>\n<td class=\"has-text-align-center\" data-align=\"center\" style=\"text-align: center;\">10,16 $<\/td>\n<td class=\"has-text-align-center\" data-align=\"center\" style=\"text-align: center;\">7,74 $<\/td>\n<\/tr>\n<tr>\n<td>RAQUETTES<\/td>\n<td class=\"has-text-align-center\" data-align=\"center\" style=\"text-align: center;\">8,70 $<\/td>\n<td class=\"has-text-align-center\" data-align=\"center\" style=\"text-align: center;\">8,70 $<\/td>\n<\/tr>\n<tr>\n<td>RANDO ALPINE | KIT COMPLET<\/td>\n<td class=\"has-text-align-center\" data-align=\"center\" style=\"text-align: center;\">GRATUIT<\/td>\n<td class=\"has-text-align-center\" data-align=\"center\" style=\"text-align: center;\">\u2013<\/td>\n<\/tr>\n<\/tbody>\n<\/table>\n<\/div>\n<\/figure>\n<p>[\/et_pb_text][\/et_pb_column][\/et_pb_row][et_pb_row _builder_version=\u00a0\u00bb4.27.0&Prime; _module_preset=\u00a0\u00bbdefault\u00a0\u00bb max_width=\u00a0\u00bb1001px\u00a0\u00bb global_colors_info=\u00a0\u00bb{}\u00a0\u00bb][et_pb_column type=\u00a0\u00bb4_4&Prime; _builder_version=\u00a0\u00bb4.19.1&Prime; _module_preset=\u00a0\u00bbdefault\u00a0\u00bb global_colors_info=\u00a0\u00bb{}\u00a0\u00bb][et_pb_text module_id=\u00a0\u00bblocationsaison\u00a0\u00bb module_class=\u00a0\u00bblocationsaison\u00a0\u00bb _builder_version=\u00a0\u00bb4.27.2&Prime; _module_preset=\u00a0\u00bbbe5233af-0802-4f2d-88ef-f91c446310e6&Prime; text_font=\u00a0\u00bb|||||on|||\u00a0\u00bb text_orientation=\u00a0\u00bbcenter\u00a0\u00bb global_colors_info=\u00a0\u00bb{}\u00a0\u00bb]<\/p>\n<h2 class=\"wp-block-heading\" style=\"text-align: left;\">Location d\u2019\u00e9quipement saisonnier<\/h2>\n<p>[\/et_pb_text][et_pb_text _builder_version=\u00a0\u00bb4.27.2&Prime; _module_preset=\u00a0\u00bb44cf4015-2070-49c8-9fa2-97a3384250c0&Prime; text_font_size=\u00a0\u00bb18px\u00a0\u00bb text_orientation=\u00a0\u00bbcenter\u00a0\u00bb global_colors_info=\u00a0\u00bb{}\u00a0\u00bb]<\/p>\n<h5 class=\"wp-block-heading has-medium-font-size\" style=\"text-align: left;\">Les prix ci-dessous ne comprennent pas les taxes ni les frais de services de notre billeterie en ligne.<\/h5>\n<p>[\/et_pb_text][et_pb_text _builder_version=\u00a0\u00bb4.27.2&Prime; _module_preset=\u00a0\u00bbdefault\u00a0\u00bb text_font_size=\u00a0\u00bb20px\u00a0\u00bb global_colors_info=\u00a0\u00bb{}\u00a0\u00bb]<\/p>\n<figure class=\"wp-block-table\">\n<div class=\"table-responsive\">\n<table>\n<tbody>\n<tr>\n<td><strong>DESCRIPTION<\/strong><\/td>\n<td class=\"has-text-align-center\" data-align=\"center\" style=\"text-align: center;\"><strong>0-11 ANS<\/strong><\/td>\n<td class=\"has-text-align-center\" data-align=\"center\" style=\"text-align: center;\"><strong>12-17 ANS<\/strong><\/td>\n<td class=\"has-text-align-center\" data-align=\"center\" style=\"text-align: center;\"><strong>18 ANS &amp; PLUS<\/strong><\/td>\n<\/tr>\n<tr>\n<td>KIT COMPLET<\/td>\n<td class=\"has-text-align-center\" data-align=\"center\" style=\"text-align: center;\">116,46 $<\/td>\n<td class=\"has-text-align-center\" data-align=\"center\" style=\"text-align: center;\">144,20 $<\/td>\n<td class=\"has-text-align-center\" data-align=\"center\" style=\"text-align: center;\">195,69 $<\/td>\n<\/tr>\n<tr>\n<td>BOTTES SEULEMENT<\/td>\n<td class=\"has-text-align-center\" data-align=\"center\" style=\"text-align: center;\">58,22 $<\/td>\n<td class=\"has-text-align-center\" data-align=\"center\" style=\"text-align: center;\">68,08 $<\/td>\n<td class=\"has-text-align-center\" data-align=\"center\" style=\"text-align: center;\">99,90 $<\/td>\n<\/tr>\n<tr>\n<td>SKIS ou PLANCHE SEULEMENT<\/td>\n<td class=\"has-text-align-center\" data-align=\"center\" style=\"text-align: center;\">82,42 $<\/td>\n<td class=\"has-text-align-center\" data-align=\"center\" style=\"text-align: center;\">111,08 $<\/td>\n<td class=\"has-text-align-center\" data-align=\"center\" style=\"text-align: center;\">150,37 $<\/td>\n<\/tr>\n<tr>\n<td>B\u00c2TONS SEULEMENT<\/td>\n<td class=\"has-text-align-center\" data-align=\"center\" style=\"text-align: center;\">24,18 $<\/td>\n<td class=\"has-text-align-center\" data-align=\"center\" style=\"text-align: center;\">34,04 $<\/td>\n<td class=\"has-text-align-center\" data-align=\"center\" style=\"text-align: center;\">55,61 $<\/td>\n<\/tr>\n<\/tbody>\n<\/table>\n<\/div>\n<\/figure>\n<p>[\/et_pb_text][\/et_pb_column][\/et_pb_row][et_pb_row _builder_version=\u00a0\u00bb4.27.0&Prime; _module_preset=\u00a0\u00bbdefault\u00a0\u00bb max_width=\u00a0\u00bb1001px\u00a0\u00bb global_colors_info=\u00a0\u00bb{}\u00a0\u00bb][et_pb_column type=\u00a0\u00bb4_4&Prime; _builder_version=\u00a0\u00bb4.19.1&Prime; _module_preset=\u00a0\u00bbdefault\u00a0\u00bb global_colors_info=\u00a0\u00bb{}\u00a0\u00bb][et_pb_text module_id=\u00a0\u00bbtarifentretien\u00a0\u00bb module_class=\u00a0\u00bbtarifentretien\u00a0\u00bb _builder_version=\u00a0\u00bb4.27.2&Prime; _module_preset=\u00a0\u00bbbe5233af-0802-4f2d-88ef-f91c446310e6&Prime; text_font=\u00a0\u00bb|||||on|||\u00a0\u00bb text_orientation=\u00a0\u00bbcenter\u00a0\u00bb global_colors_info=\u00a0\u00bb{}\u00a0\u00bb]<\/p>\n<h2 class=\"wp-block-heading\" style=\"text-align: left;\">Tarifs entretien d\u2019\u00e9quipement<\/h2>\n<p>[\/et_pb_text][et_pb_text _builder_version=\u00a0\u00bb4.27.2&Prime; _module_preset=\u00a0\u00bb44cf4015-2070-49c8-9fa2-97a3384250c0&Prime; text_font_size=\u00a0\u00bb18px\u00a0\u00bb text_orientation=\u00a0\u00bbcenter\u00a0\u00bb global_colors_info=\u00a0\u00bb{}\u00a0\u00bb]<\/p>\n<h5 class=\"wp-block-heading has-medium-font-size\" style=\"text-align: left;\">Les prix ci-dessous ne comprennent pas les taxes ni les frais de services de notre la en ligne.<\/h5>\n<h4 class=\"wp-block-heading\" style=\"text-align: justify;\">L\u2019entretien de votre \u00e9quipement est r\u00e9alis\u00e9 \u00e0 la main par notre \u00e9quipe. Vous pouvez nous laisser votre \u00e9quipement \u00e0 la fin de la journ\u00e9e et nous tenterons de le pr\u00e9parer avant votre prochaine visite. Il est pr\u00e9f\u00e9rable de prendre rendez-vous par t\u00e9l\u00e9phone ou par email.<\/h4>\n<p>[\/et_pb_text][et_pb_button button_url=\u00a0\u00bb@ET-DC@eyJkeW5hbWljIjp0cnVlLCJjb250ZW50IjoicG9zdF9saW5rX3VybF9wYWdlIiwic2V0dGluZ3MiOnsicG9zdF9pZCI6Ijk1NSJ9fQ==@\u00a0\u00bb button_text=\u00a0\u00bbCommuniquer avec nous\u00a0\u00bb button_alignment=\u00a0\u00bbcenter\u00a0\u00bb _builder_version=\u00a0\u00bb4.27.5&Prime; _dynamic_attributes=\u00a0\u00bbbutton_url\u00a0\u00bb _module_preset=\u00a0\u00bbdefault\u00a0\u00bb custom_button=\u00a0\u00bbon\u00a0\u00bb button_text_size=\u00a0\u00bb30px\u00a0\u00bb button_text_color=\u00a0\u00bb#FFFFFF\u00a0\u00bb button_bg_color=\u00a0\u00bb#96B438&Prime; button_border_width=\u00a0\u00bb0px\u00a0\u00bb button_border_color=\u00a0\u00bb#96B438&Prime; button_border_radius=\u00a0\u00bb25px\u00a0\u00bb button_font=\u00a0\u00bb|700||||on|||\u00a0\u00bb global_colors_info=\u00a0\u00bb{}\u00a0\u00bb][\/et_pb_button][et_pb_text _builder_version=\u00a0\u00bb4.27.2&Prime; _module_preset=\u00a0\u00bbdefault\u00a0\u00bb text_font_size=\u00a0\u00bb20px\u00a0\u00bb global_colors_info=\u00a0\u00bb{}\u00a0\u00bb]<\/p>\n<table width=\"368\" height=\"214\">\n<thead>\n<tr>\n<td style=\"width: 298.289px;\"><strong>DESCRIPTION<\/strong><\/td>\n<td class=\"has-text-align-center\" data-align=\"center\" style=\"width: 53.7109px; text-align: center;\"><strong>TARIF<\/strong><\/td>\n<\/tr>\n<\/thead>\n<tbody>\n<tr>\n<td style=\"width: 298.289px;\">CIRAGE SKI<\/td>\n<td class=\"has-text-align-center\" data-align=\"center\" style=\"width: 53.7109px; text-align: center;\">22,39 $<\/td>\n<\/tr>\n<tr>\n<td style=\"width: 298.289px;\">CIRAGE PLANCHE<\/td>\n<td class=\"has-text-align-center\" data-align=\"center\" style=\"width: 53.7109px; text-align: center;\">26,87 $<\/td>\n<\/tr>\n<tr>\n<td style=\"width: 298.289px;\">CIRAGE ET AIGUISAGE SKI<\/td>\n<td class=\"has-text-align-center\" data-align=\"center\" style=\"width: 53.7109px; text-align: center;\">29,11 $<\/td>\n<\/tr>\n<tr>\n<td style=\"width: 298.289px;\">CIRAGE ET AIGUISAGE PLANCHE<\/td>\n<td class=\"has-text-align-center\" data-align=\"center\" style=\"width: 53.7109px; text-align: center;\">34,04 $<\/td>\n<\/tr>\n<tr>\n<td style=\"width: 298.289px;\">R\u00c9PARATION DE LA BASE<\/td>\n<td class=\"has-text-align-center\" data-align=\"center\" style=\"width: 53.7109px; text-align: center;\">8 \u00e0 15 $<\/td>\n<\/tr>\n<tr>\n<td style=\"width: 298.289px;\">AJUSTEMENT<\/td>\n<td class=\"has-text-align-center\" data-align=\"center\" style=\"width: 53.7109px; text-align: center;\">5$<\/td>\n<\/tr>\n<\/tbody>\n<\/table>\n<p>[\/et_pb_text][\/et_pb_column][\/et_pb_row][\/et_pb_section]<\/p>\n","protected":false},"excerpt":{"rendered":"<p>Location d&rsquo;\u00e9quipementTarification de la boutique de locationLes prix ci-dessous ne comprennent pas les taxes ni les frais de services de notre billeterie en ligne. SKI OU PLANCHE 1 JOURN\u00c9E DEMI-JOURN\u00c9E KIT COMPLET 29,06 $ 19,37 $ PLANCHE ou SKI SEULEMENT 22,25 $ 17,46$ BOTTES SEULEMENT 14,51 $ 10,16 $ B\u00c2TONS SEULEMENT 6,80 $ 5,32 $ [&hellip;]<\/p>\n","protected":false},"author":1,"featured_media":0,"parent":0,"menu_order":0,"comment_status":"closed","ping_status":"closed","template":"","meta":{"_et_pb_use_builder":"on","_et_pb_old_content":"","_et_gb_content_width":"","footnotes":""},"class_list":["post-215","page","type-page","status-publish","hentry"],"_links":{"self":[{"href":"https:\/\/petitchamonix.com\/2026\/wp-json\/wp\/v2\/pages\/215","targetHints":{"allow":["GET"]}}],"collection":[{"href":"https:\/\/petitchamonix.com\/2026\/wp-json\/wp\/v2\/pages"}],"about":[{"href":"https:\/\/petitchamonix.com\/2026\/wp-json\/wp\/v2\/types\/page"}],"author":[{"embeddable":true,"href":"https:\/\/petitchamonix.com\/2026\/wp-json\/wp\/v2\/users\/1"}],"replies":[{"embeddable":true,"href":"https:\/\/petitchamonix.com\/2026\/wp-json\/wp\/v2\/comments?post=215"}],"version-history":[{"count":4,"href":"https:\/\/petitchamonix.com\/2026\/wp-json\/wp\/v2\/pages\/215\/revisions"}],"predecessor-version":[{"id":1031,"href":"https:\/\/petitchamonix.com\/2026\/wp-json\/wp\/v2\/pages\/215\/revisions\/1031"}],"wp:attachment":[{"href":"https:\/\/petitchamonix.com\/2026\/wp-json\/wp\/v2\/media?parent=215"}],"curies":[{"name":"wp","href":"https:\/\/api.w.org\/{rel}","templated":true}]}}